e
Is 45 a factor of 66520?
False
Is 3885 a multiple of 111?
True
Does 19 divide 1064?
True
Is 22772 a multiple of 131?
False
Does 95 divide 570?
True
Is 3 a factor of 18291?
True
Is 5170 a multiple of 10?
True
Is 114 a factor of 86070?
True
Is 84 a multiple of 7?
True
Does 11 divide 1380?
False
Is 65 a factor of 325?
True
Is 3681 a multiple of 9?
True
Is 108 a factor of 26131?
False
Is 2928 a multiple of 16?
True
Is 112 a factor of 2240?
True
Is 257 a multiple of 3?
False
Is 20 a factor of 520?
True
Is 45787 a multiple of 73?
False
Is 11 a factor of 2643?
False
Is 42 a factor of 210?
True
Does 2 divide 167?
False
Is 2044 a multiple of 28?
True
Is 43 a factor of 22664?
False
Is 25 a multiple of 2?
False
Is 38219 a multiple of 93?
False
Does 49 divide 4165?
True
Does 13 divide 286?
True
Is 14 a factor of 2528?
False
Is 12 a factor of 192?
True
Is 13 a factor of 96538?
True
Is 12924 a multiple of 10?
False
Does 67 divide 11609?
False
Is 73 a multiple of 73?
True
Is 93 a factor of 2309?
False
Is 1493 a multiple of 23?
False
Is 4539 a multiple of 51?
True
Is 1801 a multiple of 11?
False
Is 1400 a multiple of 24?
False
Is 21976 a multiple of 134?
True
Is 14 a factor of 787?
False
Is 9008 a multiple of 106?
False
Does 19 divide 10744?
False
Is 15 a factor of 1187?
False
Does 274 divide 12080?
False
Is 815 a multiple of 3?
False
Is 41 a factor of 1267?
False
Is 9 a factor of 2142?
True
Is 1505 a multiple of 7?
True
Does 11 divide 3578?
False
Is 20 a factor of 860?
True
Does 414 divide 71208?
True
Does 14 divide 560?
True
Does 12 divide 6636?
True
Is 154 a factor of 308?
True
Is 17 a factor of 24318?
False
Is 25 a factor of 1800?
True
Is 42 a factor of 294?
True
Is 121 a multiple of 19?
False
Is 41152 a multiple of 116?
False
Is 15504 a multiple of 114?
True
Is 37 a factor of 727?
False
Does 268 divide 30517?
False
Is 20 a factor of 306?
False
Does 35 divide 1966?
False
Does 19 divide 1710?
True
Is 67276 a multiple of 44?
True
Is 123 a multiple of 2?
False
Is 19168 a multiple of 74?
False
Is 11 a factor of 30668?
True
Does 22 divide 5544?
True
Is 819 a multiple of 7?
True
Is 9990 a multiple of 54?
True
Is 5 a factor of 29981?
False
Is 11 a factor of 706?
False
Is 2 a factor of 110?
True
Is 1276 a multiple of 22?
True
Is 8484 a multiple of 17?
False
Does 55 divide 3740?
True
Is 1169 a multiple of 22?
False
Is 46 a factor of 644?
True
Does 53 divide 10176?
True
Is 150 a factor of 11250?
True
Is 56 a factor of 2240?
True
Is 522 a multiple of 6?
True
Is 26 a factor of 390?
True
Does 60 divide 7440?
True
Is 48772 a multiple of 178?
True
Does 15 divide 2855?
False
Does 15 divide 840?
True
Is 4213 a multiple of 5?
False
Is 58 a factor of 870?
True
Is 2 a factor of 691?
False
Is 8441 even?
False
Does 124 divide 43909?
False
Does 3 divide 172?
False
Is 104 a factor of 3376?
False
Is 21 a factor of 3496?
False
Is 67 a factor of 112205?
False
Is 12 a factor of 9502?
False
Is 874 a multiple of 16?
False
Does 9 divide 219?
False
Is 26 a multiple of 13?
True
Is 297 a factor of 161568?
True
Does 2 divide 30?
True
Is 2449 a multiple of 2?
False
Does 272 divide 38352?
True
Is 15 a factor of 38958?
False
Does 20 divide 3028?
False
Is 103 a factor of 7925?
False
Is 39 a factor of 506?
False
Does 16 divide 1330?
False
Is 14 a factor of 1509?
False
Is 12 a factor of 6329?
False
Does 81 divide 162?
True
Is 29 a factor of 248?
False
Is 6 a factor of 10967?
False
Does 31 divide 452?
False
Does 241 divide 23098?
False
Is 2301 a multiple of 30?
False
Does 15 divide 332?
False
Does 14 divide 54908?
True
Does 11 divide 753?
False
Is 1260 a multiple of 14?
True
Is 58819 a multiple of 6?
False
Is 11 a factor of 5907?
True
Is 2 a factor of 9?
False
Is 883 a multiple of 11?
False
Does 83 divide 7802?
True
Is 1773 a multiple of 9?
True
Is 4459 a multiple of 13?
True
Is 128 a factor of 39387?
False
Is 56 a multiple of 8?
True
Is 43 a factor of 5805?
True
Does 57 divide 11001?
True
Is 9639 a multiple of 2?
False
Is 21375 a multiple of 75?
True
Is 15 a factor of 12510?
True
Is 15 a factor of 982?
False
Does 11 divide 902?
True
Is 47 a factor of 1457?
True
Is 6 a factor of 1663?
False
Is 63 a factor of 36792?
True
Does 47 divide 329?
True
Does 14 divide 38248?
True
Is 360 a multiple of 62?
False
Does 25 divide 145783?
False
Is 5819 a multiple of 23?
True
Is 3066 a multiple of 14?
True
Does 59 divide 399?
False
Is 221 a factor of 10300?
False
Is 4 a factor of 536?
True
Is 1064 a multiple of 21?
False
Is 14219 a multiple of 241?
True
Is 126 a multiple of 5?
False
Does 60 divide 4551?
False
Is 30 a factor of 2653?
False
Is 51275 a multiple of 97?
False
Is 21 a factor of 3118?
False
Is 9 a factor of 623?
False
Does 17 divide 9991?
False
Is 42 a factor of 1724?
False
Is 8 a factor of 1552?
True
Does 12 divide 4009?
False
Is 53001 a multiple of 82?
False
Is 387 a multiple of 22?
False
Is 280 a multiple of 59?
False
Is 110 a multiple of 24?
False
Does 305 divide 69457?
False
Is 3431 a multiple of 19?
False
Is 5 a factor of 2576?
False
Does 19 divide 6499?
False
Is 46 a factor of 8234?
True
Does 11 divide 4987?
False
Is 1834 a multiple of 18?
False
Is 3926 a multiple of 26?
True
Is 49 a factor of 3969?
True
Is 4 a factor of 6368?
True
Is 15249 a multiple of 69?
True
Is 61 a factor of 1700?
False
Is 11921 a multiple of 109?
False
Is 15 a factor of 165?
True
Is 9742 a multiple of 2?
True
Does 187 divide 5797?
True
Is 28 a factor of 75348?
True
Does 9 divide 10791?
True
Is 22599 a multiple of 279?
True
Is 9 a factor of 67689?
True
Does 24 divide 10730?
False
Does 15 divide 23790?
True
Is 2131 a multiple of 55?
False
Does 77 divide 2473?
False
Is 488 a multiple of 31?
False
Is 10 a factor of 1167?
False
Does 18 divide 7923?
False
Is 1213 a multiple of 50?
False
Is 658 a multiple of 54?
False
Is 35190 a multiple of 30?
True
Is 75 a multiple of 25?
True
Is 16 a factor of 1104?
True
Does 74 divide 4440?
True
Is 2 a factor of 97?
False
Is 612 a multiple of 30?
False
Is 15 a factor of 620?
False
Is 12 a factor of 797?
False
Does 3 divide 1733?
False
Is 78195 a multiple of 160?
False
Is 247 a multiple of 4?
False
Is 409 a multiple of 12?
False
Does 6 divide 132?
True
Does 3 divide 117?
True
Is 160747 a multiple of 13?
False
Does 9 divide 9144?
True
Is 81 a factor of 31347?
True
Does 35 divide 1155?
True
Does 39 divide 1654?
False
Is 3290 a multiple of 35?
True
Is 84188 a multiple of 109?
False
Does 35 divide 8960?
True
Is 1248 a multiple of 78?
True
Does 121 divide 61952?
True
Does 18 divide 741?
False
Is 43005 a multiple of 4?
False
Does 45 divide 151?
False
Is 111 a factor of 11456?
False
Is 2718 a multiple of 88?
False
Does 140 divide 112406?
False
Does 4 divide 108?
True
Is 23 a factor of 23?
True
Does 14 divide 3514?
True
Is 3045 a multiple of 25?
False
Does 12 divide 408?
True
Does 4 divide 116?
True
Is 3393 a multiple of 14?
False
Is 4214 a multiple of 110?
False
Does 18 divide 612?
True
Is 60408 a multiple of 405?
False
Is 161 a factor of 4669?
True
Is 67 a factor of 387?
False
Is 12 a factor of 3192?
True
Is 33 a factor of 528?
True
Does 3 divide 8008?
False
Is 24193 a multiple of 58?
False
Is 4844 a multiple of 21?
False
Does 107 divide 17138?
False
Does 3 divide 290?
False
Is 2120 a multiple of 106?
True
Does 50 divide 7666?
False
Is 9 a factor of 47?
False
Does 11 divide 988?
False
Does 28 divide 9369?
False
Does 17 divide 25228?
True
Is 8428 a multiple of 78?
False
Does 3 divide 301?
False
Is 5251 a multiple of 89?
True
Is 262 even?
True
Is 4 a factor of 629?
False
Does 18 divide 18017?
False
Is 84 a factor of 14196?
True
Does 2 divide 6?
True
Is 5 a factor of 438?
False
Is 622 a multiple of 14?
False
Is 5 a factor of 774?
False
Does 13 divide 2404?
False
Is 200 a factor of 49000?
True
Does 3 divide 3122?
False
Is 8 a factor of 231?
False
Is 2504 a multiple of 5?
False
Is 11 a factor of 495?
True
Is 2 a factor of 784?
True
Is 23 a factor of 1735?
False
Does 235 divide 26694?
False
Does 10 divide 5673?
False
Does 153 divide 13770?
True
Does 24 divide 575?
False
Does 263 divide 24790?
False
Is 6 a factor of 560?
False
Does 118 divide 7552?
True
Is 55 a factor of 1883?
False
Does 10 divide 233?
False
Does 11 divide 194?
False
Is 3 a factor of 390?
True
Does 7 divide 6998?
False
Is 51 a facto